{"id":1080,"date":"2016-09-16T16:22:08","date_gmt":"2016-09-16T16:22:08","guid":{"rendered":"https:\/\/sebestyen-szekszard.hu\/proba2\/?post_type=product&#038;p=1080"},"modified":"2022-05-04T17:14:28","modified_gmt":"2022-05-04T17:14:28","slug":"mozaik","status":"publish","type":"product","link":"https:\/\/sebestyen-szekszard.hu\/proba2\/termek\/mozaik\/","title":{"rendered":"Mozaik"},"content":{"rendered":"","protected":false},"excerpt":{"rendered":"<p>Aki \u00e1llt m\u00e1r mozaikfal el\u0151tt el\u00e1mulva, az tudja, hogy a k\u00fcl\u00f6nb\u00f6z\u0151 darabok egy\u00fctt olyat hoznak l\u00e9tre, ami sokkal t\u00f6bb, mint a darabok \u00f6sszess\u00e9ge. Pontosan, mint Szeksz\u00e1rd tradicion\u00e1lis h\u00e1zas\u00edt\u00e1sa a Bikav\u00e9r. Helyi \u00e9s nemzetk\u00f6zi fajt\u00e1kb\u00f3l \u00e1ll \u00f6ssze \u00e9s ett\u0151l v\u00e1lik igaz\u00e1n egyediv\u00e9. \u00cdzgazdag, tele erdei gy\u00fcm\u00f6lcs\u00f6kkel, selymes textur\u00e1val.<\/p>\n<div style=\"height: 10px;\"><\/div>\n<p><a style=\"color: grey;\" href=\"https:\/\/sebestyen-szekszard.hu\/proba2\/wp-content\/uploads\/2022\/05\/mozaik_hun_2021.pdf\" target=\"_blank\" rel=\"noopener noreferrer\"><em><u>PDF adatlap<\/u><\/em><\/a><\/p>\n","protected":false},"featured_media":1083,"comment_status":"open","ping_status":"closed","template":"","meta":{"_et_pb_use_builder":"","_et_pb_old_content":"","_et_gb_content_width":""},"product_cat":[11],"product_tag":[],"_links":{"self":[{"href":"https:\/\/sebestyen-szekszard.hu\/proba2\/wp-json\/wp\/v2\/product\/1080"}],"collection":[{"href":"https:\/\/sebestyen-szekszard.hu\/proba2\/wp-json\/wp\/v2\/product"}],"about":[{"href":"https:\/\/sebestyen-szekszard.hu\/proba2\/wp-json\/wp\/v2\/types\/product"}],"replies":[{"embeddable":true,"href":"https:\/\/sebestyen-szekszard.hu\/proba2\/wp-json\/wp\/v2\/comments?post=1080"}],"wp:featuredmedia":[{"embeddable":true,"href":"https:\/\/sebestyen-szekszard.hu\/proba2\/wp-json\/wp\/v2\/media\/1083"}],"wp:attachment":[{"href":"https:\/\/sebestyen-szekszard.hu\/proba2\/wp-json\/wp\/v2\/media?parent=1080"}],"wp:term":[{"taxonomy":"product_cat","embeddable":true,"href":"https:\/\/sebestyen-szekszard.hu\/proba2\/wp-json\/wp\/v2\/product_cat?post=1080"},{"taxonomy":"product_tag","embeddable":true,"href":"https:\/\/sebestyen-szekszard.hu\/proba2\/wp-json\/wp\/v2\/product_tag?post=1080"}],"curies":[{"name":"wp","href":"https:\/\/api.w.org\/{rel}","templated":true}]}}